{"id":536,"date":"2025-06-25T13:08:29","date_gmt":"2025-06-25T11:08:29","guid":{"rendered":"https:\/\/laurusmedia.de\/dev\/1000467\/?page_id=536"},"modified":"2025-09-25T15:17:58","modified_gmt":"2025-09-25T13:17:58","slug":"impressum","status":"publish","type":"page","link":"https:\/\/laurusmedia.de\/dev\/1000467\/impressum\/","title":{"rendered":"Impressum"},"content":{"rendered":"<div id='av_section_1'  class='avia-section av-1r1ef6-8e8787425634fc828b978ea921bad016 main_color avia-section-large avia-no-border-styling  avia-builder-el-0  avia-builder-el-no-sibling  avia-bg-style-scroll container_wrap fullsize'  ><div class='container av-section-cont-open' ><main  role=\"main\" itemprop=\"mainContentOfPage\"  class='template-page content  av-content-full alpha units'><div class='post-entry post-entry-type-page post-entry-536'><div class='entry-content-wrapper clearfix'>\n\n<style type=\"text\/css\" data-created_by=\"avia_inline_auto\" id=\"style-css-av-1ih7ii-2fcaec21db0aa310e2ee571087ad9136\">\n.flex_column.av-1ih7ii-2fcaec21db0aa310e2ee571087ad9136{\nborder-radius:0px 0px 0px 0px;\npadding:0px 0px 0px 0px;\n}\n<\/style>\n<div  class='flex_column av-1ih7ii-2fcaec21db0aa310e2ee571087ad9136 av_one_full  avia-builder-el-1  avia-builder-el-no-sibling  first flex_column_div av-animated-generic bottom-to-top av-zero-column-padding  '     ><p>\n<style type=\"text\/css\" data-created_by=\"avia_inline_auto\" id=\"style-css-av-1hkite-6499b512f5dbc6f7654287061ba9c753\">\n#top .av-special-heading.av-1hkite-6499b512f5dbc6f7654287061ba9c753{\npadding-bottom:10px;\n}\nbody .av-special-heading.av-1hkite-6499b512f5dbc6f7654287061ba9c753 .av-special-heading-tag .heading-char{\nfont-size:25px;\n}\n.av-special-heading.av-1hkite-6499b512f5dbc6f7654287061ba9c753 .av-subheading{\nfont-size:15px;\n}\n<\/style>\n<div  class='av-special-heading av-1hkite-6499b512f5dbc6f7654287061ba9c753 av-special-heading-h1 blockquote modern-quote  avia-builder-el-2  el_before_av_textblock  avia-builder-el-first '><h1 class='av-special-heading-tag'  itemprop=\"headline\"  >Impressum<\/h1><div class=\"special-heading-border\"><div class=\"special-heading-inner-border\"><\/div><\/div><\/div><br \/>\n<section  class='av_textblock_section av-179sd6-2e4c36180758562fc97ceb551da859de '   itemscope=\"itemscope\" itemtype=\"https:\/\/schema.org\/CreativeWork\" ><div class='avia_textblock'  itemprop=\"text\" ><p>Angaben gem\u00e4\u00df Digitale-Dienste-Gesetz (DDG)<\/p>\n<p>Infraplan Hausverwaltungs GmbH<br \/>\n&amp; Co Betreuungs KG<\/p>\n<p>Bgm.-Aurnhammer-Str.31 b<br \/>\n86199 Augsburg<\/p>\n<p>Tel.: 0821-5437918-0<br \/>\nFax: 0821-5437918-9<\/p>\n<p>E-Mail: info@infraplanhv.de<br \/>\nWeb: www.infraplanhv.de<\/p>\n<p>Sitz: Augsburg, Amtsgericht Augsburg HRA 21324<br \/>\nPhG: Infraplan Hausverwaltungs GmbH<br \/>\nSitz: M\u00fcnchen, Amtsgericht M\u00fcnchen HRB 148463<br \/>\nGesch\u00e4ftsf\u00fchrer: Constantin Wunn<\/p>\n<p>Haftungshinweis:<\/p>\n<p>Quellennachweise:<\/p>\n<p>Fotos, Buttons und Grafiken:<br \/>\nDie in dieser Internetpr\u00e4senz und in den zum Download angebotenen Informationsbrosch\u00fcren verwendeten Fotos, Buttons und Grafiken unterliegen dem Urheberrecht der jeweiligen Fotografen und Grafikern bzw. deren Repr\u00e4sentanten.<\/p>\n<p>Haftungsausschluss (Disclaimer)<\/p>\n<p>Haftung f\u00fcr Inhalte<br \/>\nAls Diensteanbieter sind wir gem\u00e4\u00df \u00a7 7 Abs.1 TMG f\u00fcr eigene Inhalte auf diesen Seiten nach den allgemeinen Gesetzen verantwortlich. Nach \u00a7\u00a7 8 bis 10 TMG sind wir als Diensteanbieter jedoch nicht verpflichtet, \u00fcbermittelte oder gespeicherte fremde Informationen zu \u00fcberwachen oder nach Umst\u00e4nden zu forschen, die auf eine rechtswidrige T\u00e4tigkeit hinweisen. Verpflichtungen zur Entfernung oder Sperrung der Nutzung von Informationen nach den allgemeinen Gesetzen bleiben hiervon unber\u00fchrt. Eine diesbez\u00fcgliche Haftung ist jedoch erst ab dem Zeitpunkt der Kenntnis einer konkreten Rechtsverletzung m\u00f6glich. Bei Bekanntwerden von entsprechenden Rechtsverletzungen werden wir diese Inhalte umgehend entfernen.<\/p>\n<p>Haftung f\u00fcr Links<br \/>\nUnser Angebot enth\u00e4lt Links zu externen Webseiten Dritter, auf deren Inhalte wir keinen Einfluss haben. Deshalb k\u00f6nnen wir f\u00fcr diese fremden Inhalte auch keine Gew\u00e4hr \u00fcbernehmen. F\u00fcr die Inhalte der verlinkten Seiten ist stets der jeweilige Anbieter oder Betreiber der Seiten verantwortlich. Die verlinkten Seiten wurden zum Zeitpunkt der Verlinkung auf m\u00f6gliche Rechtsverst\u00f6\u00dfe \u00fcberpr\u00fcft. Rechtswidrige Inhalte waren zum Zeitpunkt der Verlinkung nicht erkennbar. Eine permanente inhaltliche Kontrolle der verlinkten Seiten ist jedoch ohne konkrete Anhaltspunkte einer Rechtsverletzung nicht zumutbar. Bei Bekanntwerden von Rechtsverletzungen werden wir derartige Links umgehend entfernen.<\/p>\n<p>Urheberrecht<br \/>\nDie durch die Seitenbetreiber erstellten Inhalte und Werke auf diesen Seiten unterliegen dem deutschen Urheberrecht. Die Vervielf\u00e4ltigung, Bearbeitung, Verbreitung und jede Art der Verwertung au\u00dferhalb der Grenzen des Urheberrechtes bed\u00fcrfen der schriftlichen Zustimmung des jeweiligen Autors bzw. Erstellers. Downloads und Kopien dieser Seite sind nur f\u00fcr den privaten, nicht kommerziellen Gebrauch gestattet. Soweit die Inhalte auf dieser Seite nicht vom Betreiber erstellt wurden, werden die Urheberrechte Dritter beachtet. Insbesondere werden Inhalte Dritter als solche gekennzeichnet. Sollten Sie trotzdem auf eine Urheberrechtsverletzung aufmerksam werden, bitten wir um einen entsprechenden Hinweis. Bei Bekanntwerden von Rechtsverletzungen werden wir derartige Inhalte umgehend entfernen.<\/p>\n<\/div><\/section><\/p><\/div>\n","protected":false},"excerpt":{"rendered":"","protected":false},"author":1,"featured_media":0,"parent":0,"menu_order":0,"comment_status":"open","ping_status":"open","template":"","meta":{"footnotes":""},"class_list":["post-536","page","type-page","status-publish","hentry"],"_links":{"self":[{"href":"https:\/\/laurusmedia.de\/dev\/1000467\/wp-json\/wp\/v2\/pages\/536","targetHints":{"allow":["GET"]}}],"collection":[{"href":"https:\/\/laurusmedia.de\/dev\/1000467\/wp-json\/wp\/v2\/pages"}],"about":[{"href":"https:\/\/laurusmedia.de\/dev\/1000467\/wp-json\/wp\/v2\/types\/page"}],"author":[{"embeddable":true,"href":"https:\/\/laurusmedia.de\/dev\/1000467\/wp-json\/wp\/v2\/users\/1"}],"replies":[{"embeddable":true,"href":"https:\/\/laurusmedia.de\/dev\/1000467\/wp-json\/wp\/v2\/comments?post=536"}],"version-history":[{"count":4,"href":"https:\/\/laurusmedia.de\/dev\/1000467\/wp-json\/wp\/v2\/pages\/536\/revisions"}],"predecessor-version":[{"id":656,"href":"https:\/\/laurusmedia.de\/dev\/1000467\/wp-json\/wp\/v2\/pages\/536\/revisions\/656"}],"wp:attachment":[{"href":"https:\/\/laurusmedia.de\/dev\/1000467\/wp-json\/wp\/v2\/media?parent=536"}],"curies":[{"name":"wp","href":"https:\/\/api.w.org\/{rel}","templated":true}]}}